{"id":262,"date":"2018-05-01T21:43:54","date_gmt":"2018-05-01T19:43:54","guid":{"rendered":"http:\/\/ecolelibrelamorteau.be\/?page_id=262"},"modified":"2025-08-22T12:08:39","modified_gmt":"2025-08-22T10:08:39","slug":"reglement-general","status":"publish","type":"page","link":"https:\/\/ecolelibrelamorteau.be\/index.php\/reglement-general\/","title":{"rendered":"R\u00e8glement g\u00e9n\u00e9ral"},"content":{"rendered":"<p><a href=\"http:\/\/ecolelibrelamorteau.be\/wp-content\/uploads\/2018\/05\/R\u00e8glement-g\u00e9n\u00e9ral.pdf\">R\u00e8glement g\u00e9n\u00e9ral<\/a><\/p>\n<p><span style=\"font-size: 32px; color: #008000;\">Pourquoi un r\u00e8glement\u00a0?<\/span><\/p>\n<ul>\n<li><span style=\"font-size: 20px;\">Pour apprendre \u00e0 respecter les autres et leurs activit\u00e9s.<\/span><\/li>\n<li><span style=\"font-size: 20px;\">Pour avoir un cadre de vie favorable au travail.<\/span><\/li>\n<\/ul>\n<p>&nbsp;<\/p>\n<p><span style=\"font-size: 20px;\">Celui-ci s\u2019adresse aux \u00e9l\u00e8ves et aux parents car la vie \u00e0 l\u2019\u00e9cole implique le respect de r\u00e8gles.<\/span><\/p>\n<p><span style=\"font-size: 20px;\">Par l\u2019inscription de l\u2019\u00e9l\u00e8ve, les parents acceptent les projets \u00e9ducatif, p\u00e9dagogique et le r\u00e8glement d\u2019ordre int\u00e9rieur.<\/span><\/p>\n<p><span style=\"font-size: 20px;\">L\u2019\u00e9l\u00e8ve est inscrit lorsque son dossier administratif\u00a0 est complet avec le REGLEMENT sign\u00e9 par les PARENTS.<\/span><\/p>\n<p><span style=\"font-size: 20px;\">Il est demand\u00e9 de fournir un document officiel de la composition du m\u00e9nage ou une attestation de filiation.<\/span><\/p>\n<p>&nbsp;<\/p>\n<p><span style=\"font-size: 32px; color: #008000;\">Qu\u2019implique l\u2019inscription \u00e0 l\u2019\u00e9cole\u00a0?<\/span><\/p>\n<ul>\n<li><span style=\"font-size: 20px;\"><u>La pr\u00e9sence<\/u> est obligatoire<\/span><\/li>\n<\/ul>\n<p><span style=\"font-size: 20px;\">\u00a0\u00a0\u00a0\u00a0\u00a0\u00a0\u00a0\u00a0 Toute dispense ne peut \u00eatre accord\u00e9e par la directrice\u00a0 qu\u2019apr\u00e8s une demande \u00e9crite et justifi\u00e9e.<\/span><\/p>\n<ul>\n<li><span style=\"font-size: 20px;\"><u>Les absences<\/u><\/span><\/li>\n<\/ul>\n<p><span style=\"font-size: 20px;\">Celles-ci doivent \u00eatre justifi\u00e9es par un document \u00e9crit. C\u2019est-\u00e0-dire pour\u00a0:<\/span><\/p>\n<ul>\n<li><span style=\"font-size: 20px;\">Maladie couverte par certificat m\u00e9dical (\u00e0 partir de 3 jours).<\/span><\/li>\n<li><span style=\"font-size: 20px;\">Maladie pour 1 ou 2 jours (mot des parents).<\/span><\/li>\n<li><span style=\"font-size: 20px;\">D\u00e9c\u00e8s dans la famille ou convocation par une autorit\u00e9 publique (justificatif ad\u00e9quat).<\/span><\/li>\n<\/ul>\n<p><strong>\u00a0<\/strong><\/p>\n<p><span style=\"font-size: 20px;\"><strong>Il est inacceptable le fait de prendre des vacances pendant la p\u00e9riode scolaire. Si l\u2019\u00e9l\u00e8ve a 9 demi-jours d\u2019absences injustifi\u00e9es, la directrice doit le signaler \u00e0 la Direction g\u00e9n\u00e9rale de l\u2019enseignement<\/strong><\/span><\/p>\n<p><strong>\u00a0<\/strong><\/p>\n<ul>\n<li><span style=\"font-size: 20px;\"><u>Les retards<\/u><\/span><\/li>\n<\/ul>\n<p><span style=\"font-size: 20px;\">\u00a0\u00a0\u00a0\u00a0\u00a0\u00a0\u00a0\u00a0 Par respect pour les institutrices et les autres \u00e9l\u00e8ves, \u00a0\u00a0\u00a0\u00a0\u00a0\u00a0\u00a0\u00a0<strong>LA PONCTUALITE EST DE RIGUEUR.<\/strong><\/span><\/p>\n<ul>\n<li><span style=\"font-size: 20px;\"><u>Reconduction de l\u2019inscription<\/u><\/span><\/li>\n<\/ul>\n<p><span style=\"font-size: 20px;\">Au cas o\u00f9, des parents auraient un comportement marquant le refus d\u2019adh\u00e9rer aux diff\u00e9rents projets et r\u00e8glement, le Pouvoir organisateur se r\u00e9serve le droit de refuser la r\u00e9inscription de l\u2019\u00e9l\u00e8ve l\u2019ann\u00e9e suivante.<\/span><\/p>\n<p>&nbsp;<\/p>\n<p><span style=\"color: #008000; font-size: 32px;\">Vie journali\u00e8re<\/span><\/p>\n<ul>\n<li><span style=\"font-size: 20px;\"><u>Horaires des cours<\/u><\/span><\/li>\n<\/ul>\n<p><span style=\"font-size: 20px;\">8h25 \u2013 12h05\u00a0 et 13h45 \u2013 15h45.<\/span><\/p>\n<p><span style=\"font-size: 20px;\">Toute la semaine<\/span><\/p>\n<p><span style=\"font-size: 20px;\">Mercredi 8h25 \u2013 12h05<\/span><\/p>\n<p><span style=\"font-size: 20px;\">Surveillance \u00e0 partir de 8h10 et 13h30<\/span><\/p>\n<p>&nbsp;<\/p>\n<ul>\n<li><span style=\"font-size: 20px;\"><u>Garderie\u00a0: tarif<\/u><\/span><\/li>\n<\/ul>\n<p style=\"padding-left: 60px;\"><span style=\"font-size: 20px;\">7h &#8211; 8h10<\/span><\/p>\n<p style=\"padding-left: 60px;\"><span style=\"font-size: 20px;\">16h &#8211; 18h30<\/span><\/p>\n<p style=\"padding-left: 60px;\"><span style=\"font-size: 20px;\">12h15 &#8211; 18h30<\/span><\/p>\n<p style=\"padding-left: 180px;\"><span style=\"font-size: 20px;\">1\u20ac de l\u2019heure + 0,60 \u20ac par 30\u2019 entam\u00e9es<\/span><\/p>\n<p>&nbsp;<\/p>\n<ul>\n<li><span style=\"font-size: 20px;\"><u>Repas\u00a0: tarif<\/u><\/span><\/li>\n<\/ul>\n<p><span style=\"font-size: 20px;\">Repas chaud\u00a0: <\/span><\/p>\n<p style=\"padding-left: 150px;\"><span style=\"font-size: 20px;\">\u00a03,61 \u20ac en maternelle<\/span><\/p>\n<p style=\"padding-left: 150px;\"><span style=\"font-size: 20px;\">\u00a03, 82 \u20ac en 1\u00e8re et 2e primaire<\/span><\/p>\n<p>\u00a0 \u00a0 \u00a0 \u00a0 \u00a0 \u00a0 \u00a0 \u00a0 \u00a0 \u00a0 \u00a0 \u00a0 \u00a0 \u00a0 \u00a0 \u00a0 \u00a0 \u00a0 \u00a0 \u00a0<span style=\"font-size: 20px;\"> 4,02 \u20ac en 3e primaire<\/span><\/p>\n<p>&nbsp;<\/p>\n<p><span style=\"font-size: 20px;\">Tartines\u00a0: 1\u20ac<\/span><\/p>\n<p>&nbsp;<\/p>\n<p><em><span style=\"font-size: 20px;\">R\u00e8glementation pour les repas\u00a0: voir feuille du r\u00e8glement de midi.<\/span><\/em><\/p>\n<p>&nbsp;<\/p>\n<p><span style=\"font-size: 20px;\"><strong>Attention<\/strong><\/span><\/p>\n<p style=\"padding-left: 30px;\"><span style=\"font-size: 20px;\">Tout repas r\u00e9serv\u00e9 et non annul\u00e9, pour 9h00 sera factur\u00e9<\/span><\/p>\n<p style=\"padding-left: 30px;\"><span style=\"font-size: 20px;\">Si les factures sont impay\u00e9es apr\u00e8s le 1<sup>er<\/sup> rappel, les enfants auront acc\u00e8s au repas tartines et plus au repas chaud.<\/span><\/p>\n<p>&nbsp;<\/p>\n<ul>\n<li><span style=\"font-size: 20px;\"><u>Journal de classe<\/u><\/span><\/li>\n<\/ul>\n<p><span style=\"font-size: 20px;\">Il est un outil privil\u00e9gi\u00e9 pour les enfants, les parents et les enseignants<\/span><\/p>\n<p><span style=\"font-size: 20px;\">Celui-ci devra \u00eatre sign\u00e9 par les parents toutes les semaines.<\/span><\/p>\n<p>&nbsp;<\/p>\n<ul>\n<li><span style=\"font-size: 20px;\"><u>Le respect de la vie \u00e0 l\u2019\u00e9cole<\/u><\/span><\/li>\n<\/ul>\n<p><span style=\"font-size: 20px;\">Les objets \u00e9lectroniques et de valeur sont interdits \u00e0 l\u2019ECOLE.<\/span><\/p>\n<p><span style=\"font-size: 20px;\">Ils peuvent \u00eatre confisqu\u00e9s pour une p\u00e9riode d\u00e9termin\u00e9e.<\/span><\/p>\n<p><span style=\"font-size: 20px;\"><strong>L\u2019\u00e9cole n\u2019interviendra en aucun cas, si d\u00e9gradation, perte ou vol.<\/strong><\/span><\/p>\n<p><span style=\"font-size: 20px;\">Les enfants se pr\u00e9senteront \u00e0 l\u2019\u00e9cole dans une tenue vestimentaire correcte.<\/span><\/p>\n<p>&nbsp;<\/p>\n<ul>\n<li><span style=\"font-size: 20px;\"><u>Assurance scolaire<\/u><\/span><\/li>\n<\/ul>\n<p><span style=\"font-size: 20px;\">Celle-ci intervient en cas d\u2019accident survenu aux \u00e9l\u00e8ves dans le cadre de l\u2019activit\u00e9 scolaire.<\/span><\/p>\n<p><span style=\"font-size: 20px;\"><strong>Attention<\/strong><\/span><\/p>\n<p><span style=\"font-size: 20px;\">Il n\u2019existe pas de couvertures pour les v\u00eatements ab\u00eem\u00e9s, perdus ou vol\u00e9s.<\/span><\/p>\n<p>&nbsp;<\/p>\n<p><span style=\"font-size: 32px; color: #008000;\">Les contraintes de l\u2019\u00e9ducation<\/span><\/p>\n<ul>\n<li><span style=\"font-size: 20px;\"><u>Les sanctions<\/u><\/span><\/li>\n<\/ul>\n<p><span style=\"font-size: 20px;\">Les \u00e9l\u00e8ves seront sanctionn\u00e9s selon la gravit\u00e9 de leurs actes\u00a0:<\/span><\/p>\n<ul>\n<li><span style=\"font-size: 20px;\">Indiscipline<\/span><\/li>\n<li><span style=\"font-size: 20px;\">Manque de politesse<\/span><\/li>\n<li><span style=\"font-size: 20px;\">Brutalit\u00e9 dans les jeux<\/span><\/li>\n<li><span style=\"font-size: 20px;\">Violence<\/span><\/li>\n<li><span style=\"font-size: 20px;\">D\u00e9t\u00e9rioration du mobilier et des locaux<\/span><\/li>\n<\/ul>\n<p><span style=\"font-size: 20px;\">Un degr\u00e9 de sanction sera \u00e9tabli selon la gravit\u00e9 des faits\u00a0:<\/span><\/p>\n<ul>\n<li><span style=\"font-size: 20px;\">Rappel \u00e0 l\u2019ordre et explications<\/span><\/li>\n<li><span style=\"font-size: 20px;\">Punition et communication aux parents<\/span><\/li>\n<li><span style=\"font-size: 20px;\">Retenue pour effectuer un travail individuel ou r\u00e9paration<\/span><\/li>\n<li><span style=\"font-size: 20px;\">Remboursement du mat\u00e9riel ou mobilier<\/span><\/li>\n<li><span style=\"font-size: 20px;\">Non-participation \u00e0 des activit\u00e9s culturelles (excursion, classe de d\u00e9paysement, \u2026)<\/span><\/li>\n<li><span style=\"font-size: 20px;\">Exclusion provisoire (3 jours)<\/span><\/li>\n<li><span style=\"font-size: 20px;\">Exclusion d\u00e9finitive dans ces cas\u00a0:<\/span>\n<ul>\n<li><span style=\"font-size: 20px;\">Coup et blessure port\u00e9 sciemment par un \u00e9l\u00e8ve \u00e0 un autre ou \u00e0 un membre du personnel enseignant<\/span><\/li>\n<li><span style=\"font-size: 20px;\">Racket \u00e0 l\u2019encontre d\u2019un autre \u00e9l\u00e8ve<\/span><\/li>\n<\/ul>\n<\/li>\n<\/ul>\n<p><span style=\"font-size: 20px;\">La directrice consultera les autres enseignants et les membres du Pouvoir organisateur.<\/span><\/p>\n<p>&nbsp;<\/p>\n<p><span style=\"font-size: 32px; color: #008000;\">Pr\u00e9sentation<\/span><\/p>\n<p style=\"padding-left: 60px;\"><span style=\"font-size: 20px;\">Ecole libre subventionn\u00e9e de Lamorteau.<\/span><\/p>\n<p>&nbsp;<\/p>\n<p style=\"padding-left: 60px;\"><span style=\"font-size: 20px;\"><u>Implantations <\/u><\/span><\/p>\n<ul>\n<li><span style=\"font-size: 20px;\">La Cigale, 5, rue de l\u2019\u00e9glise 6767 Lamorteau<\/span><\/li>\n<\/ul>\n<p style=\"padding-left: 30px;\"><span style=\"font-size: 20px;\">\u00a0\u00a0\u00a0 Tel\u00a0: 063 5713 55<\/span><\/p>\n<ul>\n<li><span style=\"font-size: 20px;\">La Fourmi, 1c, rue des Paquis 6767 Lamorteau<\/span><\/li>\n<\/ul>\n<p style=\"padding-left: 60px;\"><span style=\"font-size: 20px;\">Tel\u00a0: 0476 892157<\/span><\/p>\n<p>&nbsp;<\/p>\n<p><span style=\"font-size: 20px;\"><u>Direction de l\u2019\u00e9cole<\/u>\u00a0:<\/span><\/p>\n<ul>\n<li><span style=\"font-size: 20px;\">Mme Arnould Emilie<\/span><\/li>\n<li><span style=\"font-size: 20px;\">Tel : +32 479\/51.46.31<\/span><\/li>\n<li><span style=\"font-size: 20px;\">Courriel\u00a0: <a href=\"mailto:eclamorteau@skynet.be\">emiliearnould@ecolelibrelamorteau.be<\/a><\/span><\/li>\n<\/ul>\n<p>&nbsp;<\/p>\n<p>&nbsp;<\/p>\n<p><span style=\"font-size: 20px;\"><u>Pouvoir Organisateur<\/u><\/span><\/p>\n<ul>\n<li><span style=\"font-size: 20px;\">Pr\u00e9sidente : Diswiscourt Coralie<\/span><\/li>\n<li><span style=\"font-size: 20px;\">Secr\u00e9taire : Laurent Amandine<\/span><\/li>\n<li><span style=\"font-size: 20px;\">Tr\u00e9sorier : Clausse Julien<\/span><\/li>\n<\/ul>\n<p>&nbsp;<\/p>\n<p>&nbsp;<\/p>\n<p>&nbsp;<\/p>\n<p><span style=\"font-size: 20px;\"><em><u>Nom de l\u2019\u00e9l\u00e8ve et des parents<\/u><\/em><\/span><\/p>\n<p>&nbsp;<\/p>\n<p>&nbsp;<\/p>\n<p>&nbsp;<\/p>\n<p><span style=\"font-size: 20px;\"><em>La signature des parents est obligatoire \u00e0 chaque rentr\u00e9e scolaire<\/em><\/span><\/p>\n<p>&nbsp;<\/p>\n<p>&nbsp;<\/p>\n<p><span style=\"font-size: 20px;\"><em>1 exemplaire pour les parents<\/em><\/span><\/p>\n<p>&nbsp;<\/p>\n<p><span style=\"font-size: 20px;\"><em>1 exemplaire pour l\u2019\u00e9cole<\/em><\/span><\/p>\n","protected":false},"excerpt":{"rendered":"<p>R\u00e8glement g\u00e9n\u00e9ral Pourquoi un r\u00e8glement\u00a0? Pour apprendre \u00e0 respecter les autres et leurs activit\u00e9s. Pour avoir un cadre de vie favorable au travail. &nbsp; Celui-ci s\u2019adresse aux \u00e9l\u00e8ves et aux parents car la vie \u00e0<a class=\"read-more\" href=\"https:\/\/ecolelibrelamorteau.be\/index.php\/reglement-general\/\">Continue reading<\/a><\/p>\n","protected":false},"author":1,"featured_media":0,"parent":0,"menu_order":0,"comment_status":"closed","ping_status":"closed","template":"","meta":[],"yoast_head":"<!-- This site is optimized with the Yoast SEO plugin v15.9 - https:\/\/yoast.com\/wordpress\/plugins\/seo\/ -->\n<title>R\u00e8glement g\u00e9n\u00e9ral - Ecole libre fondamentale - Lamorteau<\/title>\n<meta name=\"robots\" content=\"index, follow, max-snippet:-1, max-image-preview:large, max-video-preview:-1\" \/>\n<link rel=\"canonical\" href=\"https:\/\/ecolelibrelamorteau.be\/index.php\/reglement-general\/\" \/>\n<meta property=\"og:locale\" content=\"fr_FR\" \/>\n<meta property=\"og:type\" content=\"article\" \/>\n<meta property=\"og:title\" content=\"R\u00e8glement g\u00e9n\u00e9ral - Ecole libre fondamentale - Lamorteau\" \/>\n<meta property=\"og:description\" content=\"R\u00e8glement g\u00e9n\u00e9ral Pourquoi un r\u00e8glement\u00a0? Pour apprendre \u00e0 respecter les autres et leurs activit\u00e9s. Pour avoir un cadre de vie favorable au travail. &nbsp; Celui-ci s\u2019adresse aux \u00e9l\u00e8ves et aux parents car la vie \u00e0Continue reading\" \/>\n<meta property=\"og:url\" content=\"https:\/\/ecolelibrelamorteau.be\/index.php\/reglement-general\/\" \/>\n<meta property=\"og:site_name\" content=\"Ecole libre fondamentale - Lamorteau\" \/>\n<meta property=\"article:modified_time\" content=\"2025-08-22T10:08:39+00:00\" \/>\n<meta name=\"twitter:card\" content=\"summary_large_image\" \/>\n<meta name=\"twitter:label1\" content=\"Dur\u00e9e de lecture est.\">\n\t<meta name=\"twitter:data1\" content=\"3 minutes\">\n<script type=\"application\/ld+json\" class=\"yoast-schema-graph\">{\"@context\":\"https:\/\/schema.org\",\"@graph\":[{\"@type\":\"WebSite\",\"@id\":\"https:\/\/ecolelibrelamorteau.be\/#website\",\"url\":\"https:\/\/ecolelibrelamorteau.be\/\",\"name\":\"Ecole libre fondamentale - Lamorteau\",\"description\":\"Toutes les fleurs de l&#039;avenir sont dans les semences d&#039;aujourd&#039;hui...\",\"potentialAction\":[{\"@type\":\"SearchAction\",\"target\":\"https:\/\/ecolelibrelamorteau.be\/?s={search_term_string}\",\"query-input\":\"required name=search_term_string\"}],\"inLanguage\":\"fr-FR\"},{\"@type\":\"WebPage\",\"@id\":\"https:\/\/ecolelibrelamorteau.be\/index.php\/reglement-general\/#webpage\",\"url\":\"https:\/\/ecolelibrelamorteau.be\/index.php\/reglement-general\/\",\"name\":\"R\\u00e8glement g\\u00e9n\\u00e9ral - Ecole libre fondamentale - Lamorteau\",\"isPartOf\":{\"@id\":\"https:\/\/ecolelibrelamorteau.be\/#website\"},\"datePublished\":\"2018-05-01T19:43:54+00:00\",\"dateModified\":\"2025-08-22T10:08:39+00:00\",\"breadcrumb\":{\"@id\":\"https:\/\/ecolelibrelamorteau.be\/index.php\/reglement-general\/#breadcrumb\"},\"inLanguage\":\"fr-FR\",\"potentialAction\":[{\"@type\":\"ReadAction\",\"target\":[\"https:\/\/ecolelibrelamorteau.be\/index.php\/reglement-general\/\"]}]},{\"@type\":\"BreadcrumbList\",\"@id\":\"https:\/\/ecolelibrelamorteau.be\/index.php\/reglement-general\/#breadcrumb\",\"itemListElement\":[{\"@type\":\"ListItem\",\"position\":1,\"item\":{\"@type\":\"WebPage\",\"@id\":\"https:\/\/ecolelibrelamorteau.be\/\",\"url\":\"https:\/\/ecolelibrelamorteau.be\/\",\"name\":\"Accueil\"}},{\"@type\":\"ListItem\",\"position\":2,\"item\":{\"@type\":\"WebPage\",\"@id\":\"https:\/\/ecolelibrelamorteau.be\/index.php\/reglement-general\/\",\"url\":\"https:\/\/ecolelibrelamorteau.be\/index.php\/reglement-general\/\",\"name\":\"R\\u00e8glement g\\u00e9n\\u00e9ral\"}}]}]}<\/script>\n<!-- \/ Yoast SEO plugin. -->","_links":{"self":[{"href":"https:\/\/ecolelibrelamorteau.be\/index.php\/wp-json\/wp\/v2\/pages\/262"}],"collection":[{"href":"https:\/\/ecolelibrelamorteau.be\/index.php\/wp-json\/wp\/v2\/pages"}],"about":[{"href":"https:\/\/ecolelibrelamorteau.be\/index.php\/wp-json\/wp\/v2\/types\/page"}],"author":[{"embeddable":true,"href":"https:\/\/ecolelibrelamorteau.be\/index.php\/wp-json\/wp\/v2\/users\/1"}],"replies":[{"embeddable":true,"href":"https:\/\/ecolelibrelamorteau.be\/index.php\/wp-json\/wp\/v2\/comments?post=262"}],"version-history":[{"count":7,"href":"https:\/\/ecolelibrelamorteau.be\/index.php\/wp-json\/wp\/v2\/pages\/262\/revisions"}],"predecessor-version":[{"id":4861,"href":"https:\/\/ecolelibrelamorteau.be\/index.php\/wp-json\/wp\/v2\/pages\/262\/revisions\/4861"}],"wp:attachment":[{"href":"https:\/\/ecolelibrelamorteau.be\/index.php\/wp-json\/wp\/v2\/media?parent=262"}],"curies":[{"name":"wp","href":"https:\/\/api.w.org\/{rel}","templated":true}]}}